ulate the highest common factor of 2628569 and 188.
47
What is the highest common factor of 525 and 101042375?
175
Calculate the highest common divisor of 90153 and 117.
9
What is the highest common factor of 2064 and 8743792?
688
Calculate the highest common divisor of 588000 and 14056.
56
What is the highest common factor of 13508310 and 30?
30
Calculate the greatest common divisor of 2436 and 110061.
21
What is the greatest common factor of 204605520 and 945?
105
Calculate the highest common divisor of 151905 and 1716.
39
What is the highest common factor of 68459 and 9298343?
4027
Calculate the greatest common factor of 646590 and 5397.
21
What is the greatest common factor of 2330 and 104271694?
466
What is the highest common factor of 1180165899 and 267?
267
Calculate the highest common factor of 180971770 and 20.
10
Calculate the greatest common factor of 14660 and 352638970.
7330
Calculate the greatest common divisor of 84 and 13447203.
21
What is the highest common divisor of 13920 and 20720736?
96
Calculate the greatest common divisor of 1430870 and 1470.
70
What is the highest common divisor of 6540 and 107212945?
545
What is the greatest common factor of 1456986 and 12432?
222
Calculate the highest common divisor of 13436641 and 2098.
1049
Calculate the greatest common factor of 4670040 and 140.
20
What is the highest common factor of 15334225 and 30104?
3763
What is the greatest common factor of 615 and 6732135?
15
What is the greatest common divisor of 17125 and 1266565?
685
Calculate the highest common factor of 619 and 1400806904.
619
Calculate the greatest common divisor of 1475 and 64725655.
295
What is the highest common factor of 3735 and 3782725?
415
What is the greatest common divisor of 76366930 and 30?
10
Calculate the greatest common divisor of 12998478 and 11208.
2802
What is the greatest common divisor of 21710 and 1792375?
65
Calculate the greatest common divisor of 799180 and 21520.
20
What is the greatest common divisor of 3628 and 50092?
4
Calculate the highest common factor of 4958688 and 239841.
987
Calculate the highest common divisor of 349650 and 60725.
175
Calculate the greatest common factor of 7176 and 102510057.
897
Calculate the greatest common divisor of 485097759 and 6346.
3173
Calculate the highest common divisor of 83555925 and 3437.
491
What is the highest common factor of 253461 and 1332630?
2613
What is the greatest common divisor of 2256422 and 151898?
106
Calculate the greatest common factor of 115497 and 53697654.
2817
What is the highest common factor of 4594 and 11272?
2
Calculate the greatest common divisor of 26269 and 6877573.
109
What is the greatest common divisor of 4373348220 and 540?
540
Calculate the greatest common divisor of 8865 and 4707.
9
What is the highest common divisor of 52 and 1021570810?
26
What is the greatest common divisor of 307087356 and 24?
12
What is the highest common divisor of 216089 and 2974947?
281
Calculate the highest common divisor of 1440541893 and 1191.
1191
What is the greatest common divisor of 2373474 and 3531?
321
What is the highest common factor of 116175300 and 131100?
6900
What is the highest common divisor of 30646176 and 858?
66
Calculate the greatest common factor of 3400147 and 613891.
1759
Calculate the greatest common divisor of 116977786 and 2.
2
What is the highest common factor of 1076985 and 20475?
4095
Calculate the greatest common factor of 423893 and 6392.
47
Calculate the highest common factor of 2250 and 2262570.
30
What is the highest common factor of 2538339 and 4?
1
What is the highest common factor of 52809 and 2226069?
87
What is the highest common divisor of 8640144 and 254736?
4176
What is the greatest common factor of 91848969 and 15?
3
What is the highest common divisor of 6558846 and 882?
294
Calculate the greatest common factor of 99127 and 1648745.
2023
Calculate the highest common divisor of 1218399 and 2457.
273
What is the greatest common factor of 936 and 9939568?
8
What is the highest common factor of 3408 and 8923422?
426
What is the greatest common factor of 14547722 and 238?
14
What is the greatest common divisor of 8863557 and 57?
57
What is the highest common divisor of 20 and 113018890?
10
Calculate the greatest common factor of 2291352 and 182.
14
Calculate the greatest common factor of 6180 and 845220.
60
Calculate the greatest common divisor of 1551 and 5391793.
517
What is the highest common factor of 2766004 and 26413?
433
Calculate the highest common divisor of 72 and 127347372.
36
What is the highest common factor of 10197 and 1154527?
1133
Calculate the greatest common factor of 3070075 and 185.
185
What is the highest common factor of 9483 and 1864227?
327
Calculate the greatest common factor of 3254 and 34539583.
1627
What is the highest common divisor of 72704 and 275968?
512
Calculate the greatest common divisor of 4980 and 102785955.
1245
Calculate the highest common factor of 1794831 and 18.
3
What is the greatest common factor of 3 and 4848721?
1
Calculate the greatest common divisor of 1044 and 73765792.
116
Calculate the highest common factor of 867010 and 20.
10
Calculate the highest common divisor of 4392 and 33024.
24
Calculate the greatest common divisor of 62829902 and 694.
694
What is the highest common divisor of 1113 and 29399895?
1113
Calculate the highest common divisor of 29174 and 6383074.
58
Calculate the greatest common divisor of 9 and 264068163.
9
Calculate the highest common divisor of 22187 and 58309453.
2017
Calculate the highest common factor of 14817 and 16086323.
4939
Calculate the highest common divisor of 99 and 875171.
11
What is the highest common factor of 3107650 and 1667575?
2275
Calculate the greatest common divisor of 18210 and 2690130.
30
What is the highest common factor of 85120 and 5453?
133
Calculate the highest common divisor of 17106591 and 417.
417
What is the greatest common factor of 400 and 6129950?
50
Calculate the highest common factor of 6766 and 5553692.
398
What is the greatest common factor of 368347 and 1265509?
3647
Calculate the highest common divisor of 2704848 and 564.
12
What is the greatest common factor of 11610316 and 752?
188
Calculate the greatest common factor of 8020416 and 1008768.
7104
What is the highest common divisor of 395433 and 5468913?
7461
What is the highest common divisor of 1049 and 258184076?
1049
Calculate the highest common divisor of 36541141 and 1547.
91
What is the highest common divisor of 1 and 566417?
1
Calculate the highest common divisor of 89392 and 6496624.
2416
Calculate the highest common divisor of 2044 and 38962582.
146
What is the highest common divisor of 234729 and 29481014?
2371
What is the highest common factor of 14570326 and 34?
34
Calculate the highest common factor of 4466 and 1276.
638
Calculate the greatest common factor of 440 and 13337660.
20
What is the highest common factor of 2 and 54575363?
1
Calculate the greatest common factor of 16376 and 22355287.
2047
What is the greatest common divisor of 4728146 and 339?
113
What is the greatest common factor of 50646225 and 35?
35
What is the greatest common divisor of 2712 and 169387?
113
What is the highest common divisor of 25185 and 8337111?
219
What is the highest common factor of 46704 and 63?
21
Calculate the highest common factor of 817602 and 1784147.
3169
Calculate the greatest common factor of 87836 and 77084.
28
Calculate the greatest common divisor of 917 and 218092.
7
Calculate the greatest common factor of 496692 and 18923352.
6132
Calculate the highest common divisor of 466549 and 73526.
379
What is the greatest common divisor of 102144 and 11715704?
1064
What is the greatest common factor of 64 and 7270916?
4
What is the greatest common divisor of 5366 and 5662?
2
What is the greatest common divisor of 65468281 and 1406?
703
Calculate the highest common divisor of 67440 and 5542725.
4215
Calculate the greatest common factor of 12418056 and 76368.
1032
What is the greatest common divisor of 175076 and 22?
22
What is the greatest common divisor of 463049 and 9?
1
What is the greatest common factor of 1673 and 565251491?
1673
What is the greatest common divisor of 86 and 26617043?
43
Calculate the greatest common factor of 408